, -6 = y + 2*q. Suppose 214 = 4*w - y*u, -2*w + 56 = -w - 3*u. What are the prime factors of w?
53
Suppose -11*m - 192 = m. Suppose -2*h + 2*g + 7 = 3*h, 2*g = -2*h. List the prime factors of (-372)/m - h/4.
23
What are the prime factors of ((-84)/(-30))/((-1)/(-170))?
2, 7, 17
Let v(b) = -b + 26. Let h be v(15). Suppose 2*z - 8 = -p, 4*p - h = -5*z + 15. Suppose -z - 3 = -l. List the prime factors of l.
5
Suppose 2*l + 3*p + 0*p - 3 = 0, -2*p = -5*l + 36. Let d(r) = -3*r**2 + r - 1. Let o be d(1). What are the prime factors of (l - o)*(-2)/(-1)?
2, 3
List the prime factors of (((-162)/(-45))/9)/((-2)/(-670)).
2, 67
Suppose 0 = 40*m - 38*m - 614. What are the prime factors of m?
307
Let o(q) = 8*q**2 + 6*q - 70. List the prime factors of o(-16).
2, 941
Let h = 652 + -90. Suppose -5*v = -h - 48. List the prime factors of v.
2, 61
Suppose 2*m = 2*o - 3*o + 1, 0 = -5*o + 3*m + 44. Suppose o*h = 279 + 78. Suppose -4*r + 110 = 5*t - 3*t, 2*r + 5*t = h. List the prime factors of r.
2, 7
Let h be (0/(-2))/(-1 + -1). Let z be -5 + 5 - (-4 - h). Let j(s) = s**3 - 2*s**2 - 5*s - 1. List the prime factors of j(z).
11
Suppose 329*c - 316*c = 29211. List the prime factors of c.
3, 7, 107
Let u be 3824/(-2) + -56 + 54. Suppose 0 = 3*z + 2*z - 30. List the prime factors of (-1)/z - u/36.
53
Suppose 5*l + 2*f + 33 = 0, f = -3*l + 2*f - 22. Let y = 9 + l. Suppose x - y*x + 5*u - 1 = 0, 3*x - 82 = -2*u. What are the prime factors of x?
2, 3
Let h(o) = 145*o - 22. What are the prime factors of h(8)?
2, 569
Let l be (-20)/2 - (4 + -1). Let q = l - -14. Suppose i - q - 13 = 0. What are the prime factors of i?
2, 7
Suppose 0 = 4*k - 20, 3*k - 6*k + 35 = 5*d. Suppose -4*t + 210 + 374 = -d*a, -3*a - 292 = -2*t. What are the prime factors of t?
2, 73
Let j be (-3035)/(-55) + (-2)/11. Let w be 22/j + (-13)/(-5). Suppose 2*a - 35 = x, w*x = 14 - 5. What are the prime factors of a?
19
Let c(x) = 11*x**2 + x + 3. Let y be c(2). Suppose -y = 5*h - 329. List the prime factors of h.
2, 7
Let u(c) = c**3 - 4*c - 3. List the prime factors of u(3).
2, 3
Let g be (-3)/(-2)*(-1 - -3). What are the prime factors of g*(3 - 100/(-3))?
109
Suppose -4*c - 39 = 241. Let o = c - -133. List the prime factors of o.
3, 7
Let j = 6466 - 4054. List the prime factors of j.
2, 3, 67
Let t be 1*-1 - 5/(10/(-6)). Let p(u) = 13*u**2 - 2*u. List the prime factors of p(t).
2, 3
Let i = -130 - -126. List the prime factors of (-3576)/(-32) - (-3 + (-15)/i).
3, 37
Let c(x) = 39*x**3 + 4*x**2 - 5*x + 1. Let m(v) = v**2 - v. Let k(d) = -c(d) + 5*m(d). Let r be k(-1). Let p = -5 + r. List the prime factors of p.
2, 17
Suppose -20*l + 12257 + 2403 = 0. What are the prime factors of l?
733
Suppose 0 = 79*b - 41*b - 63764. What are the prime factors of b?
2, 839
Let j = 6 - -5. Let p = j + -8. Suppose k = -p*l + 18, 4*k + 3*l - 112 = l. List the prime factors of k.
2, 3, 5
Let z be 101/2*(-2)/(-1). Let d = z + -66. List the prime factors of d.
5, 7
Let j(a) = 2*a**2 + 9*a - 7. Let p be j(-5). List the prime factors of (-4880)/60*3/p.
2, 61
Suppose -5*n + 9 = -2*n. Let f be n/(-6) - 109/(-2). Suppose b - 4*w - 29 = 0, 3*w - f = -2*b + 7*w. List the prime factors of b.
5
Let o(s) = s**2 + 17*s + 19. Let a be o(-16). Suppose u + 83 = a*x, x + 0*x - 31 = -3*u. What are the prime factors of x?
2, 7
Suppose 10*k = 3325 + 175. What are the prime factors of k?
2, 5, 7
Suppose 69 = -5*k + 219. Let n(d) = d**2 - 16. Let b be n(0). Let r = k + b. What are the prime factors of r?
2, 7
Let i = -219 + 593. Suppose 4*m - 4*x = -0*x + 724, -2*m - x = -i. What are the prime factors of m?
5, 37
Suppose 2*r + 1274 - 4760 = 0. List the prime factors of r.
3, 7, 83
Let w(z) = -22*z**3 - 37*z**2 - 19*z - 25. What are the prime factors of w(-6)?
11, 29
Let n = 4515 - 2201. List the prime factors of n.
2, 13, 89
Suppose -151*c + 7686 = -144*c. What are the prime factors of c?
2, 3, 61
Let x = 16 + -20. List the prime factors of (-134)/x*(-18)/(-9).
67
Suppose 50 = -n - 32. Let h = n + 115. Suppose z = -k - 2*z + h, -98 = -4*k + 5*z. What are the prime factors of k?
3
Let x(b) = -b + 6. Let l be x(8). Let m(i) = 18*i**2 - i + 3. List the prime factors of m(l).
7, 11
Suppose -15 = -3*c - 0*c. What are the prime factors of 127 + c/(-3) + 2/(-6)?
5
Let u = -1220 - -2746. List the prime factors of u.
2, 7, 109
Let g(i) = i + 1. Let v be g(3). Let y be 6/15*20/v. Suppose y*n + 2*m = 0, m = -1 - 1. List the prime factors of n.
2
Let k = 86 + -49. Let n = k + -28. List the prime factors of n.
3
Suppose x + 3*w = 12, 3*x - 4*w + 5*w = 20. List the prime factors of (40/(-3))/((-2)/x).
2, 5
Let f = 59 + -49. Suppose 4*o - 5*l - 865 = -f*l, -o - 3*l = -225. List the prime factors of o.
2, 3, 5, 7
Let p be (-1)/(-3) - -1*(-2094)/18. Let m = -103 - p. What are the prime factors of m?
13
Suppose -2*x + 36 = z - 19, 5*x = 3*z + 154. What are the prime factors of x?
29
Let u(z) = z**3 - 3 - 3 - 23*z**2 + 19*z**2 + 1. What are the prime factors of u(7)?
2, 71
Let w(k) = k**3 - 4*k**2 + 3*k. Let s be w(3). Suppose 3*j + 6 = s, 0*g - 5*j = g + 5. Suppose 2*i + 84 = g*i. What are the prime factors of i?
2, 7
Let h be ((-312)/65)/((-6)/(-40)). Let r = 73 + h. What are the prime factors of r?
41
Let z(x) be the third derivative of -x**5/60 + x**4 - 49*x**3/6 - 14*x**2. List the prime factors of z(14).
7, 13
Let r be 42/(-8)*(-6 - 2). Suppose r = 4*x - 2*x - 4*q, 0 = 3*x + 3*q - 36. List the prime factors of x.
3, 5
Let d(g) = -3036*g**3 + 6*g**2 + g - 5. What are the prime factors of d(-1)?
2, 3, 11, 23
Suppose -360 = 2*j + 3*j. Let d be -5*(j/(-20) - 3). What are the prime factors of d - -2 - (-26 + 2)?
23
Let g be ((-5)/(-2))/((-115)/40 + 3). List the prime factors of ((-2710)/g)/(2/(-4)).
271
Let v = 73 - 50. Suppose v*s + 100 = 28*s. What are the prime factors of s?
2, 5
Let o be ((-28)/(-8) + -3)*0. Suppose 0 = 4*j - 8, o = 3*w - w - j - 38. What are the prime factors of (w + 4)/(1/1)?
2, 3
Let p be (-1)/(-5) + (-1)/5. Let h(o) = p*o + 13 + 3 - 3 + 3*o. List the prime factors of h(6).
31
Let x(l) = -56*l - 214. What are the prime factors of x(-7)?
2, 89
Suppose -3*q + 24 = 9. Let v = 33 + q. List the prime factors of v.
2, 19
Let p = 385 + -256. Let d = p - 86. What are the prime factors of d?
43
Suppose 5*o - 3861 = -4*o. What are the prime factors of o?
3, 11, 13
Let h be (-20)/50 + 47/5. Suppose 5*g = h*g - 156. What are the prime factors of g?
3, 13
Let d(j) = j**3 + 6*j**2 - j - 9. Let c be d(-5). Suppose c*f - 9*f = 3216. What are the prime factors of f?
2, 67
Let p(d) be the third derivative of -7/30*d**5 - 5*d**2 - 1/120*d**6 - 1/6*d**3 + 0*d + 0 - 5/8*d**4. List the prime factors of p(-13).
5
Suppose -5*o + 42*o = 131868. What are the prime factors of o?
2, 3, 11
Let s(x) = -7*x + 5. Let h be s(-4). Let o = h + -14. Suppose -o = -4*m + 21. List the prime factors of m.
2, 5
Suppose 16*d - 79768 - 4424 = 0. What are the prime factors of d?
2, 3, 877
Let r(n) be the first derivative of -n**3/3 + 9*n**2 - 4*n + 7. Let w be r(8). Suppose -5*c + 95 = 2*f, -4*c + w = 3*f - 4*f. What are the prime factors of c?
19
Let k = 26 - 23. Let y(f) = 8*f**2 + 3*f + 4. List the prime factors of y(k).
5, 17
Let k(l) = 19*l + 45. Let x(b) = 18*b + 46. Let j(y) = 4*k(y) - 5*x(y). What are the prime factors of j(-18)?
2, 101
Let q = 3616 + -839. What are the prime factors of q?
2777
Let b be (7 - 13)*(-17)/2. Suppose 2*o - b = -o. What are the prime factors of o?
17
Suppose 6*y = -4*r + y + 4, 2*r + 4*y - 2 = 0. Suppose -n - r = -144. List the prime factors of n.
11, 13
Suppose -5*a - 2*v - 6182 = -18419, -3*a + 7339 = 2*v. List the prime factors of a.
31, 79
Suppose -8 = -5*c + 3*c. Let u be c*(2 + (-4)/(-1)). Let q = -13 + u. What are the prime factors of q?
11
Suppose -2*l - 153 = -3*r - 0*l, 2*r = -l + 95. Let x = -27 + r. Let n = 32 - x. What are the prime factors of n?
2, 5
Suppose -5*j + 0*j + 10 = 0. List the prime factors of 4 + -8 - (j + -132).
2, 3, 7
Suppose h - 3*h = -5*h. Let a = h - -97. What are the prime factors of a?
97
Suppose -5*y + y - 1676 = -4*m, 2*y + 8 = 0. What are the prime factors of m?
5, 83
Let h(g) = 21*g**2 + g + 1. Let v(f) = f**2 + 4*f - 1. Let q be v(-4). List the prime factors of h(q).
3, 7
Let f be (1/2)/((-3)/6). Let r